. Is l a prime number?
True
Suppose -3185 = 3*i + 12745. Suppose -3*d - 2*j = 3*j - 47, 5*d - 72 = -2*j. Is 14/(-49) - i/d a composite number?
False
Let p be 16/(-4)*(-84)/56 + -3. Let o = 1 + 1. Suppose -p*i - 8 + 330 = 2*v, o*v + 5*i = 326. Is v a prime number?
False
Let o = 116 - 113. Suppose -4*i = -k - 4*k + 12411, 0 = -o*k + 3*i + 7449. Is k composite?
True
Suppose -2*h + 3 = -15. Let b(w) = w**3 + 2*w**2 + 3*w. Let k be b(-3). Is (h/2)/(-3)*1524/k a prime number?
True
Let b be (-115)/(-9) - 4/(-18). Let c = b + -17. Is 4 + 60/(-16) - 1387/c a prime number?
True
Suppose 1469 = 10*c - 501. Suppose c*v = 200*v - 2193. Is v prime?
False
Let t(m) be the third derivative of 11*m**5/30 - 3*m**4/8 - 3*m**3/2 + 37*m**2. Is t(-4) prime?
True
Suppose 0 = 30*x - 89*x + 20*x + 7220811. Is x a composite number?
False
Let k = 36 - 30. Suppose -4 = -k*d + 2. Let q(g) = 14*g**2 - 1. Is q(d) a prime number?
True
Let r(d) = 304*d + 59. Let n be r(-5). Let q = 2938 + n. Is q a prime number?
False
Suppose 6*y + 0*y = 228. Suppose 3*a = 850 + y. Suppose j - 3*c - 127 = 0, 3*j - 3*c = 97 + a. Is j prime?
False
Suppose -10064*j = -10055*j - 1804509. Is j a composite number?
True
Let q = -2197509 - -4411472. Is q prime?
True
Suppose 2*w - 5*b = 6, -3*w - 3*b + b + 9 = 0. Suppose -f + 0*f = -w. Suppose -6*r = -f*r - 1137. Is r a prime number?
True
Suppose 0 = 3*c + 2*c - 3*q - 23, -3*c = -4*q - 16. Suppose -r - 2*f + 957 = 0, 4*f = -2*r + c*r - 1954. Is r a prime number?
True
Let w(m) = 11*m**2 - 5*m - 53. Suppose -3*z = 9 - 33. Is w(z) a prime number?
False
Is (-12)/180*-10 + 645229/3 a prime number?
True
Let y = -52 - -58. Is 20533*-2*(-3)/y prime?
True
Suppose -8*w + 210302 + 811850 = 0. Is w a composite number?
True
Let v(p) = -2*p**3 - 2*p**2 + 1. Let i be v(-3). Suppose i = 4*u - 2*k + 9, u - 5*k = 25. Suppose -4*b - u*r = -5*b + 103, 0 = 5*b + 5*r - 575. Is b prime?
True
Suppose 196550 = 57*i - 17134304 - 19596995. Is i composite?
True
Let o(q) = -4316*q**3 + 27*q**2 + 99*q + 5. Is o(-3) composite?
False
Let p(l) = -2*l**2 + 13*l + 29. Let m be p(-2). Is (-2 - (-4 - m)) + 4977 + -3 a prime number?
False
Suppose -63*n + 5470857 = -1046556. Is n composite?
False
Let a(w) = -2328*w + 13. Let t(j) = 582*j - 3. Let g(n) = 2*a(n) + 9*t(n). Let o = -10 - -11. Is g(o) a prime number?
False
Let d(u) = 153 - 4*u - 161 + u**2 + 0*u**2. Let n be d(6). Suppose -n*y + 3970 = 1446. Is y prime?
True
Let f = -7318 - -2435. Let y = f + 8269. Is y prime?
False
Let o = 13 - 10. Let h = o - -1. Suppose h*a = 6*a + 2*t - 80, 0 = -4*t + 20. Is a composite?
True
Let y(t) = t**2. Suppose 25*x - 24*x = -2. Let q be y(x). Is (46/69)/(q/894) a composite number?
False
Let n(v) = 917*v - 18. Let j be n(14). Suppose 4*y + b = 51271, -5*b + 4*b + j = y. Is y a composite number?
True
Suppose 0 = -4*a + q + 7, 3*a - 34 = -14*q + 9*q. Suppose a = -w, 3*p = w + 4290 + 6366. Let u = p - 1006. Is u composite?
True
Suppose -12 = 3*s - 4*s - 3*q, 5*q - 20 = 0. Suppose s = 3*k - k - 10. Suppose 4314 = 3*y - c, -k*y - 2*c = -4*c - 7189. Is y prime?
True
Suppose h + 2*s - 4 = 0, -2*s = 7*h - 5*h - 14. Suppose -5*w + 16 = -9. Suppose -w*p = -h*p + 2395. Is p a prime number?
True
Let v(y) = 20*y + 30*y - 32*y - 110 + 41*y - 85. Is v(10) prime?
False
Suppose 27*a - 749694 + 62841 = 0. Is a composite?
False
Let c = -41 + 38. Let r = 10 + c. Suppose 0 = -5*p - 3*u + 1529, 2*p - r*p + 1539 = -2*u. Is p composite?
False
Let u(r) = r**2 + 14*r + 18. Let v be u(-13). Suppose -p = -23 - v. Suppose b - 16 = y, -b + 3 = -4*y - p. Is b a composite number?
False
Is (-17 - (-561)/34)*(-126076 + -2) a prime number?
False
Let y be ((-952)/(-3))/((-7)/(-21)). Let g = -459 + y. Suppose -8 = 5*n - g. Is n a composite number?
False
Suppose -85*y = 64*y - 712667. Is y prime?
True
Suppose 158592 = 4*d - 2*i, -120837 = -2*d - 2*i - 41547. Is d prime?
False
Let s = 81706 + -22697. Is s composite?
False
Let k = -246 + 262. Is k/48 - (-14)/12*4072 composite?
False
Let w(t) = 5*t**3 - 3*t**2 - 2*t + 1. Let h(p) = 14*p**3 - 9*p**2 - 6*p + 3. Let l be 2 + 80/(-36) + 151/(-9). Let j(a) = l*w(a) + 6*h(a). Is j(-7) prime?
True
Let k(g) = -25*g + 74. Let x be k(-45). Let c = x - 412. Is c a composite number?
False
Let i be 1 - (775 - (0 - 0)). Suppose 280*o = 283*o - 3*r - 7005, 0 = -3*o - 2*r + 7005. Let j = o + i. Is j a composite number?
True
Let x(r) = 211*r + 47. Let m(t) = 212*t + 49. Let l(u) = 7*m(u) - 6*x(u). Is l(5) composite?
False
Let h(w) = -w - 13. Let f be h(-15). Suppose -26 = f*v - 30. Suppose v*d - 2259 = -m, m - 5*d - 2275 = -3*d. Is m a prime number?
True
Let b be (-17)/(-5) + 3 + 34/(-10). Is (-52260)/(-21) + b/7 prime?
False
Let w = -99493 + 194916. Is w composite?
True
Let y(c) = c**3 + 106*c**2 - 140*c + 95. Is y(-44) a prime number?
False
Let p(g) = 12168*g**2 - 87*g + 14. Is p(-5) prime?
False
Let n(t) = 149*t**3 + 6*t**2 + 55*t - 179. Is n(3) prime?
False
Suppose 52*n = 51*n + 4. Is ((-1 + n)/3)/(14/78134) prime?
True
Let r(d) = -99944*d - 7925. Is r(-16) composite?
True
Let j(c) = c - 7. Let p be j(5). Let l(k) = 1 - 1409*k**2 + 1407*k**2 - 3*k - 14*k**3 - 12*k**3 + 2*k. Is l(p) prime?
False
Let m(r) = 517*r**2 - 4*r + 1277. Is m(20) a composite number?
False
Suppose 336*f - 339*f + 3*x + 354486 = 0, 0 = 5*f - x - 590814. Is f prime?
True
Let r(b) = 15*b**2 - 35*b + 431. Is r(11) prime?
True
Let i(a) = 165*a - 5. Let s = 44 - 44. Suppose f = 2*y - 7, 0 = y - 2*f - s - 2. Is i(y) a composite number?
True
Let j = 452625 - 117890. Is j a composite number?
True
Let r be 3/(-18) + (-39)/(-18). Suppose a = -3*d + 1339, -r*a - 192 - 1153 = -3*d. Is d a prime number?
False
Let v = -146 - -2825. Suppose 7*a - 3530 = v. Is a composite?
False
Is -61 + 65 + (-1546509)/(-3) a composite number?
False
Suppose -5*d + 484816 = -223*j + 226*j, -4*d + 5*j = -387801. Is d composite?
False
Let r = -80061 + 207218. Is r a composite number?
False
Suppose 351209 = 5*m + 4*i, 23*m - 18*m - 351202 = 3*i. Is m a composite number?
False
Suppose 29*g + 1447322 = 100*g - 563469. Is g a composite number?
True
Suppose -5*w - 4*w + 34932861 - 6760800 = 0. Is w composite?
False
Let d = -1288253 - -2005036. Is d prime?
True
Suppose -5*r = 2*i - 1209, -i - 2*i = 2*r - 1797. Suppose -6*j = -9*j + i. Suppose 3*s - 272 = j. Is s a prime number?
True
Suppose -3*a + 22997 = 2*l, 4*l + 38365 = -7*a + 12*a. Let d = -7 - -7. Suppose d*z + 5*z - a = 3*w, -z + 1539 = 2*w. Is z composite?
True
Is ((-5127588)/(-39))/4 - 7/((-728)/(-16)) a composite number?
False
Let s = 15 + -9. Suppose -3*r + 2*j + 13 = 0, -j = -3*r + 5 + s. Is 17 - 2 - (2 - (r + -1)) a composite number?
True
Suppose h - 41*o = -36*o + 24, -20 = -5*h + 5*o. Is 12/(-30)*h/4*10910 a composite number?
False
Let r = -183376 + 610913. Is r a prime number?
False
Let g(m) be the third derivative of 5*m**2 + 0*m + 11/3*m**3 + 0 + 91/24*m**4. Is g(3) a prime number?
False
Let r = 87307 + -53796. Suppose -r = 8*x - 39*x. Is x prime?
False
Is (1339795/68 - (-222)/(-1887)) + 3/(-4) a composite number?
True
Suppose 2*v - 100*j = -101*j + 66213, 0 = 3*v + 4*j - 99317. Is v a composite number?
False
Let z(h) be the third derivative of 13169*h**6/60 + h**5/12 - h**4/12 - h**3/3 + 34*h**2. Is z(1) a prime number?
True
Let y(b) = b**2 + 14*b - 37. Let n be y(-16). Let o be n - (-1 + 3 - 21). Suppose -o*u - 12188 = -18*u. Is u a composite number?
True
Suppose 3*t + 5*h = -0*t + 29177, t - 3*h = 9749. Suppose -16*m = -22554 - t. Is m a composite number?
True
Let w(x) = -3*x**3 + 10*x**2 + 11*x - 3. Let u(c) = -7*c**3 + 19*c**2 + 23*c - 7. Let b(t) = 2*u(t) - 5*w(t). Let k = 25 + -12. Is b(k) composite?
False
Let r be (-6)/(-27) + (-172)/(-36). Suppose -3*a = 2*a + 10, 0 = 2*z - r*a - 17156. Is z a prime number?
True
Let a(f) = -88*f**2 - 8*f + 30. Let y be a(-9). Let c = y + 11777. Is c composite?
False
Let o be (-628)/(-6)*(-1674)/(-36) + 1. Suppose 0 = -9*f + 5*f + o. Is f prime?
True
Let w be (-2*6/8)/((-6)/20). Suppose 0 = -5*v - w*q - 25, 1 = -v - q + 4*q. Is v/8 + (-1 - (-782)/4) composite?
True
Let j(f) = 25*f**2 + 3*f + 25. Let o(p) = -12*p - 78. Let g be o(-6). Is j(g) prime?
True
Let m(n) = -5*n**3 - 20*n**2 + n - 3. Let a(j) = 3 + 6*j**3 + 14*j**2 + 15*j**2 - 8*j**2 - 1. Let r(t) = -6*a